{"id":1673,"date":"2022-03-03T10:55:34","date_gmt":"2022-03-03T09:55:34","guid":{"rendered":"https:\/\/emk-gottesdienst.org\/besondere-zeiten\/?page_id=1673"},"modified":"2026-03-02T13:55:16","modified_gmt":"2026-03-02T12:55:16","slug":"taufe-und-gliederaufnahme","status":"publish","type":"page","link":"https:\/\/emk-gottesdienst.org\/besondere-zeiten\/taufe-und-gliederaufnahme\/","title":{"rendered":"Taufe und Gliederaufnahme"},"content":{"rendered":"\n<p><strong><a href=\"https:\/\/blessings4you.de\/shop\/item\/2000000057071\/zum-verstandnis-von-taufe-kirchlichem-unterricht-und-kirchengliedschaft-in-der-evangelisch-methodistischen-kirche-von-fachkommission-fur-gottesdienst-und-agende-emk-broschur\" target=\"_blank\" rel=\"noreferrer noopener\">Brosch\u00fcre<\/a><\/strong> zum Verst\u00e4ndnis von Taufe, Kirchlichem Unterricht und Kirchengliedschaft:<\/p>\n\n\n\n<ul class=\"wp-block-list\">\n<li><a href=\"https:\/\/www.emk.de\/glaube\/typisch-methodistisch\/taufe-und-gliedschaft\" target=\"_blank\" rel=\"noreferrer noopener\">Vorstellung<\/a> auf der Website der Evangelisch-methodistischen Kirche<\/li>\n\n\n\n<li><a href=\"https:\/\/blessings4you.de\/shop\/item\/2000000057071\/zum-verstandnis-von-taufe-kirchlichem-unterricht-und-kirchengliedschaft-in-der-evangelisch-methodistischen-kirche-von-fachkommission-fur-gottesdienst-und-agende-emk-broschur\" target=\"_blank\" rel=\"noreferrer noopener\">Bestellung<\/a> bei der mit der EmK verbundenen Buchhandlung<\/li>\n<\/ul>\n\n\n\n<div style=\"height:10px\" aria-hidden=\"true\" class=\"wp-block-spacer\"><\/div>\n\n\n\n<h2 class=\"wp-block-heading\">Zu den Gottesdienstformularen<\/h2>\n\n\n\n<ul class=\"wp-block-list\">\n<li><strong><a href=\"https:\/\/emk-gottesdienst.org\/besondere-zeiten\/2022\/03\/03\/taufe-einer-unmuendigen-person\/\" data-type=\"post\" data-id=\"1665\">Taufe einer unm\u00fcndigen Person<\/a> <\/strong>\/ Kindertaufe<\/li>\n\n\n\n<li><strong><a href=\"https:\/\/emk-gottesdienst.org\/besondere-zeiten\/2025\/11\/15\/einsatzstueck-dankgebet-ueber-dem-wasser\/\" data-type=\"post\" data-id=\"3189\">Dankgebet \u00fcber dem Wasser (Taufe)<\/a><\/strong> &#8211; von Erwachsenen und Kindern formuliert<\/li>\n\n\n\n<li><strong><a href=\"https:\/\/emk-gottesdienst.org\/besondere-zeiten\/2022\/03\/03\/taufe-einer-muendigen-person\/\" data-type=\"post\" data-id=\"1659\">Taufe einer m\u00fcndigen Person<\/a><\/strong><\/li>\n\n\n\n<li><strong><a href=\"https:\/\/emk-gottesdienst.org\/besondere-zeiten\/2022\/03\/03\/gliederaufnahme\/\" data-type=\"post\" data-id=\"1643\">Gliederaufnahme<\/a><\/strong><\/li>\n\n\n\n<li><a href=\"https:\/\/emk-gottesdienst.org\/besondere-zeiten\/2025\/03\/15\/gottesdienst-mit-tauferinnerung\/\"><strong>Tauferinnerung<\/strong><\/a><\/li>\n<\/ul>\n\n\n\n<div class=\"wp-block-pb-accordion-item c-accordion__item js-accordion-item no-js is-open\" data-initially-open=\"true\" data-click-to-close=\"false\" data-auto-close=\"false\" data-scroll=\"false\" data-scroll-offset=\"0\"><h2 id=\"at-16730\" class=\"c-accordion__title js-accordion-controller\" role=\"button\"><strong><strong>Erl\u00e4uterungen zu den Tauf- und Mitgliedschaftsformularen<\/strong><\/strong><\/h2><div id=\"ac-16730\" class=\"c-accordion__content\">\n<p>In den Agenden zu Taufe und Mitgliedschaft hat die Fachgruppe f\u00fcr Gottesdienst und Agende die Ergebnisse des durch die KThP best\u00e4tigten Berichtes der \u201eAG Gliederaufnahme\u201c (siehe Prot. KThP vom 27.\/28.09.2019) in verschiedene liturgische Formulare integriert. Die Entw\u00fcrfe, die Menschen in der heutigen Lebenswirklichkeit erreichen wollen, folgen darum auch den Leitideen der Gottesdienstreform.<br><br>Die Entw\u00fcrfe folgen einer \u201eSyntax\u201c, in deren Hintergrund die liturgietheologischen \u00dcberlegungen der Gottesdienstreform (\u201e<a href=\"https:\/\/emk-gottesdienst.org\/besondere-zeiten\/wp-content\/uploads\/2021\/02\/EmK-\u00b7-Leitideen-fuer-die-Entwicklung-der-Grundform-des-Gottesdienstes.pdf\" data-type=\"attachment\" data-id=\"881\" target=\"_blank\" rel=\"noreferrer noopener\">Leitideen<\/a>\u201c) stehen. Diese Syntax ist ein Gliederungskonzept. Sie zeigt die elementaren Bestandteile der Formulare in der linken Spalte und hilft in allen Liturgien zu vergleichbaren Inhalten. Die zentralen Elemente sind dabei das Bekenntnis und das Zeichen der Taufhandlung. Die Syntax dient au\u00dferdem dazu, die Formulare f\u00fcr Taufe und Gliederaufnahme in einer \u00fcbersichtlichen Form darzustellen, auch in ihren unterschiedlichen Kontexten und lebensweltlichen Situationen.<br><br>Die konkreten Formulare sehen einen Weg vom Gro\u00dfen ins Kleine vor: Zuerst steht das \u201eCredo\u201c der schon vor unserer Zeit bestehenden Gemeinschaft der Gl\u00e4ubigen, in das alle gemeinsam einstimmen. Das ist die Grundlage, auf der die Gemeinde sich zum dreieinigen Gott bekennt und die Gemeinschaft hervorhebt, in welche der\/die Neue aufgenommen wird. Erst dann folgt das pers\u00f6nliche Bekenntnis.<br>An dieser Stelle bestehen die gr\u00f6\u00dften Unterschiede zwischen der \u201eM\u00fcndigentaufe\u201c und der Taufe \u201eUnm\u00fcndiger\u201c sowie der \u201eTaufe eines \u00e4lteren Kindes\u201c. Bei der M\u00fcndigentaufe bekennt der religionsm\u00fcndige Erwachsene, bei der Taufe eines kleinen Kindes bekennen Eltern und Gemeinde bzw. weitere Taufzeugen stellvertretend f\u00fcr das Kind, bei der Taufe eines \u00e4lteren Kindes ist es m\u00f6glich, das Kind auf seine Weise den Glauben bekennen zu lassen.\u00a0\u00a0<br>Bei der Gliederaufnahme liegt die Taufe zeitlich schon zur\u00fcck. Weil die Gliederaufnahme zur Taufe geh\u00f6rt, stellen die Formulare den Zusammenhang in der zeichenhaften Handlung der Tauferinnerung her.<br>Weil die Taufe von Unm\u00fcndigen eine Taufe in die eine Kirche Jesu Christi ist, entfallen an dieser Stelle die Frageelemente aus dem pers\u00f6nlichen Bekenntnis zur Evangelisch-methodistischen Kirche (vgl. Fragen 4-6 in Variante 1 und Frage 4 in Variante 2).<\/p>\n<\/div><\/div>\n\n\n\n<h3 class=\"wp-block-heading\"><strong>Syntax<\/strong> \/ Vergleich der Tauffeier im Teil 3 des Gottesdienstes \u201eteilen \u2013 Gott verbindet uns miteinander\u201c<\/h3>\n\n\n\n<figure class=\"wp-block-table\"><table><thead><tr><th>M\u00fcndigentaufe<\/th><th>Unm\u00fcndigentaufe<\/th><th>Aufnahme<\/th><th>[ Segnung ]<\/th><\/tr><\/thead><tbody><tr><td>Hinf\u00fchrung<\/td><td>Hinf\u00fchrung<\/td><td>Hinf\u00fchrung<\/td><td>Hinf\u00fchrung<\/td><\/tr><tr><td><strong>Credo<\/strong><\/td><td><strong>Credo<\/strong><\/td><td><strong>Credo<\/strong><\/td><td><em>Aufforderung,<\/em><\/td><\/tr><tr><td>&#8211; Kirche<\/td><td>&#8211; Kirche<\/td><td>&#8211; Kirche<\/td><td><em>Ermunterung<\/em><\/td><\/tr><tr><td>&#8211; Gemeinde<\/td><td>&#8211; Gemeinde<\/td><td>&#8211; Gemeinde<\/td><td><em>zu christlicher<\/em><\/td><\/tr><tr><td>&#8211; T\u00e4ufling<\/td><td><em>&#8211; Eltern (stv.)<\/em><\/td><td><em>&#8211; Aufzunehmende\/r<\/em><\/td><td><em>Erziehung<\/em><\/td><\/tr><tr><td><strong>Taufe<\/strong><\/td><td><strong>Taufe<\/strong><\/td><td><em><strong>Taufged\u00e4chtnis<\/strong><\/em><\/td><td>&nbsp;<\/td><\/tr><tr><td>&#8211; Epiklese<\/td><td>&#8211; Epiklese<\/td><td><em>&#8211; Tauferinnerung<\/em><\/td><td>&nbsp;<\/td><\/tr><tr><td>&#8211; Taufhandlung<\/td><td>&#8211; Taufhandlung<\/td><td><em>&#8211; Aufnahme<\/em><\/td><td>&nbsp;<\/td><\/tr><tr><td><strong>Segnung<\/strong><\/td><td><strong>Segnung<\/strong><\/td><td><strong>Segnung<\/strong><\/td><td><strong>Segnung<\/strong><\/td><\/tr><tr><td><strong>Begr\u00fc\u00dfung<\/strong><\/td><td><strong>Begr\u00fc\u00dfung<\/strong><\/td><td><strong>Begr\u00fc\u00dfung<\/strong><\/td><td><strong>Begr\u00fc\u00dfung<\/strong><\/td><\/tr><tr><td><strong>Dankgebet<\/strong><\/td><td><strong>Dankgebet<\/strong><\/td><td><strong>Dankgebet<\/strong><\/td><td><strong>Dankgebet<\/strong><\/td><\/tr><tr><td>F\u00fcrbitten<\/td><td>F\u00fcrbitten<\/td><td>F\u00fcrbitten<\/td><td>F\u00fcrbitten<\/td><\/tr><\/tbody><\/table><\/figure>\n","protected":false},"excerpt":{"rendered":"<p>Brosch\u00fcre zum Verst\u00e4ndnis von Taufe, Kirchlichem Unterricht und Kirchengliedschaft: Zu den Gottesdienstformularen Syntax \/ Vergleich der Tauffeier im Teil 3 des Gottesdienstes \u201eteilen \u2013 Gott verbindet uns miteinander\u201c M\u00fcndigentaufe Unm\u00fcndigentaufe Aufnahme [ Segnung ] Hinf\u00fchrung Hinf\u00fchrung Hinf\u00fchrung Hinf\u00fchrung Credo Credo Credo Aufforderung, &#8211; Kirche &#8211; Kirche &#8211; Kirche Ermunterung &#8211; Gemeinde &#8211; Gemeinde &#8211; Gemeinde &hellip; <a href=\"https:\/\/emk-gottesdienst.org\/besondere-zeiten\/taufe-und-gliederaufnahme\/\" class=\"more-link\"><span class=\"screen-reader-text\">Taufe und Gliederaufnahme<\/span> weiterlesen <span class=\"meta-nav\">&rarr;<\/span><\/a><\/p>\n","protected":false},"author":1,"featured_media":0,"parent":0,"menu_order":0,"comment_status":"closed","ping_status":"closed","template":"","meta":{"_uag_custom_page_level_css":"","footnotes":""},"class_list":["post-1673","page","type-page","status-publish","hentry"],"uagb_featured_image_src":{"full":false,"thumbnail":false,"medium":false,"medium_large":false,"large":false,"1536x1536":false,"2048x2048":false,"post-thumbnail":false},"uagb_author_info":{"display_name":"davids","author_link":"https:\/\/emk-gottesdienst.org\/besondere-zeiten\/author\/davids\/"},"uagb_comment_info":0,"uagb_excerpt":"Brosch\u00fcre zum Verst\u00e4ndnis von Taufe, Kirchlichem Unterricht und Kirchengliedschaft: Zu den Gottesdienstformularen Syntax \/ Vergleich der Tauffeier im Teil 3 des Gottesdienstes \u201eteilen \u2013 Gott verbindet uns miteinander\u201c M\u00fcndigentaufe Unm\u00fcndigentaufe Aufnahme [ Segnung ] Hinf\u00fchrung Hinf\u00fchrung Hinf\u00fchrung Hinf\u00fchrung Credo Credo Credo Aufforderung, &#8211; Kirche &#8211; Kirche &#8211; Kirche Ermunterung &#8211; Gemeinde &#8211; Gemeinde &#8211; Gemeinde&hellip;","_links":{"self":[{"href":"https:\/\/emk-gottesdienst.org\/besondere-zeiten\/wp-json\/wp\/v2\/pages\/1673","targetHints":{"allow":["GET"]}}],"collection":[{"href":"https:\/\/emk-gottesdienst.org\/besondere-zeiten\/wp-json\/wp\/v2\/pages"}],"about":[{"href":"https:\/\/emk-gottesdienst.org\/besondere-zeiten\/wp-json\/wp\/v2\/types\/page"}],"author":[{"embeddable":true,"href":"https:\/\/emk-gottesdienst.org\/besondere-zeiten\/wp-json\/wp\/v2\/users\/1"}],"replies":[{"embeddable":true,"href":"https:\/\/emk-gottesdienst.org\/besondere-zeiten\/wp-json\/wp\/v2\/comments?post=1673"}],"version-history":[{"count":9,"href":"https:\/\/emk-gottesdienst.org\/besondere-zeiten\/wp-json\/wp\/v2\/pages\/1673\/revisions"}],"predecessor-version":[{"id":3536,"href":"https:\/\/emk-gottesdienst.org\/besondere-zeiten\/wp-json\/wp\/v2\/pages\/1673\/revisions\/3536"}],"wp:attachment":[{"href":"https:\/\/emk-gottesdienst.org\/besondere-zeiten\/wp-json\/wp\/v2\/media?parent=1673"}],"curies":[{"name":"wp","href":"https:\/\/api.w.org\/{rel}","templated":true}]}}