{"id":2972,"date":"2025-06-22T11:14:30","date_gmt":"2025-06-22T09:14:30","guid":{"rendered":"https:\/\/emk-gottesdienst.org\/besondere-zeiten\/?page_id=2972"},"modified":"2026-04-17T13:32:55","modified_gmt":"2026-04-17T11:32:55","slug":"gottesdienstentwuerfe-soziale-grundsaetze-der-emk","status":"publish","type":"page","link":"https:\/\/emk-gottesdienst.org\/besondere-zeiten\/gottesdienstentwuerfe-soziale-grundsaetze-der-emk\/","title":{"rendered":"Gottesdienstentw\u00fcrfe &#8211; Soziale Grunds\u00e4tze der EmK"},"content":{"rendered":"\n<h2 class=\"wp-block-heading\">Licht SEIN in der Welt<\/h2>\n\n\n\n<div class=\"wp-block-columns is-layout-flex wp-container-core-columns-is-layout-9d6595d7 wp-block-columns-is-layout-flex\">\n<div class=\"wp-block-column is-layout-flow wp-block-column-is-layout-flow\" style=\"flex-basis:40%\">\n<figure class=\"wp-block-image size-large is-style-default\"><img loading=\"lazy\" decoding=\"async\" width=\"728\" height=\"1024\" src=\"https:\/\/emk-gottesdienst.org\/besondere-zeiten\/wp-content\/uploads\/2025\/06\/cover-sg-800x1125-1-728x1024.jpg\" alt=\"\" class=\"wp-image-2967\" srcset=\"https:\/\/emk-gottesdienst.org\/besondere-zeiten\/wp-content\/uploads\/2025\/06\/cover-sg-800x1125-1-728x1024.jpg 728w, https:\/\/emk-gottesdienst.org\/besondere-zeiten\/wp-content\/uploads\/2025\/06\/cover-sg-800x1125-1-213x300.jpg 213w, https:\/\/emk-gottesdienst.org\/besondere-zeiten\/wp-content\/uploads\/2025\/06\/cover-sg-800x1125-1-768x1080.jpg 768w, https:\/\/emk-gottesdienst.org\/besondere-zeiten\/wp-content\/uploads\/2025\/06\/cover-sg-800x1125-1.jpg 800w\" sizes=\"auto, (max-width: 728px) 100vw, 728px\" \/><\/figure>\n<\/div>\n\n\n\n<div class=\"wp-block-column is-layout-flow wp-block-column-is-layout-flow\" style=\"flex-basis:50%\">\n<p><strong><em>Materialien f\u00fcr Hauskreise, Kleingruppen und Gottesdienste zu den Sozialen Grunds\u00e4tzen der Evangelisch-methodistischen Kirche<\/em><\/strong><\/p>\n\n\n\n<p>Herausgeber: Ralf W\u00fcrtz<br>Autorin und Autoren: Kornelia V\u00f6lling, Prof. Dr. Maximilian B\u00fchler, Stefan Weiland, Ralf W\u00fcrtz<\/p>\n\n\n\n<p>Format: 120 Seiten, DIN A4, Softcover<br>ISBN: 978-3-947292-17-2<br>Preis (D): 18,40 EUR<br>Link zum Online-Shop: <a href=\"https:\/\/www.gotoralf-verlag.shop\/49-soziale-grundsaetze.html\" target=\"_blank\" rel=\"noreferrer noopener\">https:\/\/www.gotoralf-verlag.shop\/49-soziale-grundsaetze.html<\/a><\/p>\n<\/div>\n<\/div>\n\n\n\n<p><em>Licht SEIN in der Welt \u2013 ein Praxisbuch f\u00fcr alle, die den christlichen Glauben nicht nur bekennen, sondern leben wollen.<\/em><br>Die Sozialen Grunds\u00e4tze der Evangelisch-methodistischen Kirche fordern heraus: Sie laden ein, den Blick zu weiten f\u00fcr die dr\u00e4ngenden Fragen unserer Zeit \u2013 und aus dem Glauben heraus Verantwortung zu \u00fcbernehmen. Dieses Buch bietet vielf\u00e4ltige Materialien und kreative Impulse f\u00fcr Gruppen, Gemeinden und Einzelpersonen, die sich mit den vier zentralen Themenfeldern der Sozialen Grunds\u00e4tze befassen m\u00f6chten: der Gemeinschaft der gesamten Sch\u00f6pfung, der wirtschaftlichen, der sozialen und der politischen Gemeinschaft. Ob in Hauskreisen, an Gemeindeabenden oder in Gottesdiensten \u2013 die enthaltenen Arbeitsmaterialien er\u00f6ffnen R\u00e4ume f\u00fcr Diskussion, Reflexion und Gebet. Sie helfen, unterschiedliche Perspektiven wahrzunehmen, Fragen zu stellen und gemeinsam nach Wegen zu suchen, wie christliches Handeln heute konkret aussehen kann. Ein besonderes Highlight sind die Gottesdienstentw\u00fcrfe von Prof. Dr. Maximilian B\u00fchler (Theologische Hochschule Reutlingen), Kornelia V\u00f6lling (Predigerin Wuppertal), Stefan Weiland (Referat f\u00fcr diakonische und gesellschaftspolitische Verantwortung in der EmK) und Ralf W\u00fcrtz (Prediger Berlin und Herausgeber). Sie zeigen: Unser gesellschaftliches Engagement hat eine geistliche Tiefe und wurzelt in der Mitte unseres Glaubens. Ein inspirierendes Arbeitsbuch f\u00fcr alle, die mit wachem Herzen und klarem Geist dazu beitragen wollen, dass Kirche Licht in der Welt ist \u2013 nicht laut und grell, sondern best\u00e4ndig und verl\u00e4sslich.<\/p>\n\n\n\n<section>\n  <h2>Materialien-Download<\/h2>\n  <p>\n    Die nachfolgenden Vorlagen stammen aus dem oben genannten Arbeitsheft und werden mit ausdr\u00fccklicher Genehmigung der Herausgeberin bzw. der Autoren sowie des GoToRalf-Verlags zur Verf\u00fcgung gestellt.\n  <\/p>\n\n  <h3>Rechtlicher Hinweis<\/h3>\n  <p>\n    Die Vorlagen sind urheberrechtlich gesch\u00fctzt. Die Bereitstellung auf dieser Website erfolgt mit Zustimmung der Rechteinhaber*innen. Eine Nutzung ist <strong>ausschlie\u00dflich f\u00fcr nicht-kommerzielle, kirchliche oder private Zwecke<\/strong> im Rahmen von Hauskreisen, Kleingruppen und Gottesdiensten erlaubt.\n  <\/p>\n  <p>\n    Eine dar\u00fcber hinausgehende Vervielf\u00e4ltigung, Verbreitung oder Ver\u00f6ffentlichung \u2013 insbesondere in digitaler Form auf anderen Plattformen \u2013 ist <strong>nicht gestattet<\/strong>, es sei denn, sie wurde zuvor schriftlich genehmigt.\n  <\/p>\n\n  <h3>R\u00fcckfragen &amp; Kontakt<\/h3>\n  <p>\n    Bei R\u00fcckfragen zur Nutzung oder Interesse an weiteren Materialien wenden Sie sich bitte per E-Mail an \n    <a href=\"mailto:info@gotoralf-verlag.de\">info@gotoralf-verlag.de<\/a>.\n  <\/p>\n<\/section>\n\n\n\n<h2 class=\"wp-block-heading\">Die wirtschaftliche Gemeinschaft<\/h2>\n\n\n\n<div data-wp-interactive=\"core\/file\" class=\"wp-block-file\"><object data-wp-bind--hidden=\"!state.hasPdfPreview\" hidden class=\"wp-block-file__embed\" data=\"https:\/\/emk-gottesdienst.org\/besondere-zeiten\/wp-content\/uploads\/2025\/06\/Gottesdienstmodule-Soziale-Grundsaetze-Ralf-Wuertz.pdf\" type=\"application\/pdf\" style=\"width:100%;height:600px\" aria-label=\"Einbettung von Gottesdienstmodule Soziale Grunds\u00e4tze - Ralf W\u00fcrtz.\"><\/object><a id=\"wp-block-file--media-0f648c96-6c02-4c6e-ac7a-3bf75654333f\" href=\"https:\/\/emk-gottesdienst.org\/besondere-zeiten\/wp-content\/uploads\/2025\/06\/Gottesdienstmodule-Soziale-Grundsaetze-Ralf-Wuertz.pdf\">Gottesdienstmodule Soziale Grunds\u00e4tze &#8211; Ralf W\u00fcrtz<\/a><a href=\"https:\/\/emk-gottesdienst.org\/besondere-zeiten\/wp-content\/uploads\/2025\/06\/Gottesdienstmodule-Soziale-Grundsaetze-Ralf-Wuertz.pdf\" class=\"wp-block-file__button wp-element-button\" download aria-describedby=\"wp-block-file--media-0f648c96-6c02-4c6e-ac7a-3bf75654333f\">Herunterladen<\/a><\/div>\n\n\n\n<h2 class=\"wp-block-heading\">Gemeinschaft der gesamten Sch\u00f6pfung<\/h2>\n\n\n\n<div data-wp-interactive=\"core\/file\" class=\"wp-block-file\"><object data-wp-bind--hidden=\"!state.hasPdfPreview\" hidden class=\"wp-block-file__embed\" data=\"https:\/\/emk-gottesdienst.org\/besondere-zeiten\/wp-content\/uploads\/2025\/06\/Gottesdienstmodule-Soziale-Grundsaetze-Stefan-Weiland.pdf\" type=\"application\/pdf\" style=\"width:100%;height:600px\" aria-label=\"Einbettung von Gottesdienstmodule Soziale Grunds\u00e4tze- Stefan Weiland.\"><\/object><a id=\"wp-block-file--media-25dd2ba3-302c-4a99-a551-ab345ae1f72b\" href=\"https:\/\/emk-gottesdienst.org\/besondere-zeiten\/wp-content\/uploads\/2025\/06\/Gottesdienstmodule-Soziale-Grundsaetze-Stefan-Weiland.pdf\">Gottesdienstmodule Soziale Grunds\u00e4tze- Stefan Weiland<\/a><a href=\"https:\/\/emk-gottesdienst.org\/besondere-zeiten\/wp-content\/uploads\/2025\/06\/Gottesdienstmodule-Soziale-Grundsaetze-Stefan-Weiland.pdf\" class=\"wp-block-file__button wp-element-button\" download aria-describedby=\"wp-block-file--media-25dd2ba3-302c-4a99-a551-ab345ae1f72b\">Herunterladen<\/a><\/div>\n\n\n\n<h2 class=\"wp-block-heading\">Die politische Gemeinschaft<\/h2>\n\n\n\n<div data-wp-interactive=\"core\/file\" class=\"wp-block-file\"><object data-wp-bind--hidden=\"!state.hasPdfPreview\" hidden class=\"wp-block-file__embed\" data=\"https:\/\/emk-gottesdienst.org\/besondere-zeiten\/wp-content\/uploads\/2025\/06\/Gottesdienstmodule-Soziale-Grundsaetze-Kornelia-Voelling.pdf\" type=\"application\/pdf\" style=\"width:100%;height:600px\" aria-label=\"Einbettung von Gottesdienstmodule Soziale Grunds\u00e4tze - Kornelia V\u00f6lling.\"><\/object><a id=\"wp-block-file--media-084044f7-b0b1-4bda-a146-3bbd445c679b\" href=\"https:\/\/emk-gottesdienst.org\/besondere-zeiten\/wp-content\/uploads\/2025\/06\/Gottesdienstmodule-Soziale-Grundsaetze-Kornelia-Voelling.pdf\">Gottesdienstmodule Soziale Grunds\u00e4tze &#8211; Kornelia V\u00f6lling<\/a><a href=\"https:\/\/emk-gottesdienst.org\/besondere-zeiten\/wp-content\/uploads\/2025\/06\/Gottesdienstmodule-Soziale-Grundsaetze-Kornelia-Voelling.pdf\" class=\"wp-block-file__button wp-element-button\" download aria-describedby=\"wp-block-file--media-084044f7-b0b1-4bda-a146-3bbd445c679b\">Herunterladen<\/a><\/div>\n\n\n\n<h2 class=\"wp-block-heading\">Die soziale Gemeinschaft<\/h2>\n\n\n\n<div data-wp-interactive=\"core\/file\" class=\"wp-block-file\"><object data-wp-bind--hidden=\"!state.hasPdfPreview\" hidden class=\"wp-block-file__embed\" data=\"https:\/\/emk-gottesdienst.org\/besondere-zeiten\/wp-content\/uploads\/2025\/06\/Gottesdienstmodule-Soziale-Grundsaetze-Maximilian-Buehler.pdf\" type=\"application\/pdf\" style=\"width:100%;height:600px\" aria-label=\"Einbettung von Gottesdienstmodule Soziale Grunds\u00e4tze - Maximilian B\u00fchler.\"><\/object><a id=\"wp-block-file--media-a45247c0-d14e-4a9b-ad3d-3f29113a5a9c\" href=\"https:\/\/emk-gottesdienst.org\/besondere-zeiten\/wp-content\/uploads\/2025\/06\/Gottesdienstmodule-Soziale-Grundsaetze-Maximilian-Buehler.pdf\">Gottesdienstmodule Soziale Grunds\u00e4tze &#8211; Maximilian B\u00fchler<\/a><a href=\"https:\/\/emk-gottesdienst.org\/besondere-zeiten\/wp-content\/uploads\/2025\/06\/Gottesdienstmodule-Soziale-Grundsaetze-Maximilian-Buehler.pdf\" class=\"wp-block-file__button wp-element-button\" download aria-describedby=\"wp-block-file--media-a45247c0-d14e-4a9b-ad3d-3f29113a5a9c\">Herunterladen<\/a><\/div>\n","protected":false},"excerpt":{"rendered":"<p>Licht SEIN in der Welt Materialien f\u00fcr Hauskreise, Kleingruppen und Gottesdienste zu den Sozialen Grunds\u00e4tzen der Evangelisch-methodistischen Kirche Herausgeber: Ralf W\u00fcrtzAutorin und Autoren: Kornelia V\u00f6lling, Prof. Dr. Maximilian B\u00fchler, Stefan Weiland, Ralf W\u00fcrtz Format: 120 Seiten, DIN A4, SoftcoverISBN: 978-3-947292-17-2Preis (D): 18,40 EURLink zum Online-Shop: https:\/\/www.gotoralf-verlag.shop\/49-soziale-grundsaetze.html Licht SEIN in der Welt \u2013 ein Praxisbuch f\u00fcr &hellip; <a href=\"https:\/\/emk-gottesdienst.org\/besondere-zeiten\/gottesdienstentwuerfe-soziale-grundsaetze-der-emk\/\" class=\"more-link\"><span class=\"screen-reader-text\">Gottesdienstentw\u00fcrfe &#8211; Soziale Grunds\u00e4tze der EmK<\/span> weiterlesen <span class=\"meta-nav\">&rarr;<\/span><\/a><\/p>\n","protected":false},"author":1,"featured_media":2967,"parent":0,"menu_order":0,"comment_status":"closed","ping_status":"closed","template":"","meta":{"_uag_custom_page_level_css":"","footnotes":""},"class_list":["post-2972","page","type-page","status-publish","has-post-thumbnail","hentry"],"uagb_featured_image_src":{"full":["https:\/\/emk-gottesdienst.org\/besondere-zeiten\/wp-content\/uploads\/2025\/06\/cover-sg-800x1125-1.jpg",800,1125,false],"thumbnail":["https:\/\/emk-gottesdienst.org\/besondere-zeiten\/wp-content\/uploads\/2025\/06\/cover-sg-800x1125-1-150x150.jpg",150,150,true],"medium":["https:\/\/emk-gottesdienst.org\/besondere-zeiten\/wp-content\/uploads\/2025\/06\/cover-sg-800x1125-1-213x300.jpg",213,300,true],"medium_large":["https:\/\/emk-gottesdienst.org\/besondere-zeiten\/wp-content\/uploads\/2025\/06\/cover-sg-800x1125-1-768x1080.jpg",604,849,true],"large":["https:\/\/emk-gottesdienst.org\/besondere-zeiten\/wp-content\/uploads\/2025\/06\/cover-sg-800x1125-1-728x1024.jpg",604,850,true],"1536x1536":["https:\/\/emk-gottesdienst.org\/besondere-zeiten\/wp-content\/uploads\/2025\/06\/cover-sg-800x1125-1.jpg",800,1125,false],"2048x2048":["https:\/\/emk-gottesdienst.org\/besondere-zeiten\/wp-content\/uploads\/2025\/06\/cover-sg-800x1125-1.jpg",800,1125,false],"post-thumbnail":["https:\/\/emk-gottesdienst.org\/besondere-zeiten\/wp-content\/uploads\/2025\/06\/cover-sg-800x1125-1-604x270.jpg",604,270,true]},"uagb_author_info":{"display_name":"davids","author_link":"https:\/\/emk-gottesdienst.org\/besondere-zeiten\/author\/davids\/"},"uagb_comment_info":0,"uagb_excerpt":"Licht SEIN in der Welt Materialien f\u00fcr Hauskreise, Kleingruppen und Gottesdienste zu den Sozialen Grunds\u00e4tzen der Evangelisch-methodistischen Kirche Herausgeber: Ralf W\u00fcrtzAutorin und Autoren: Kornelia V\u00f6lling, Prof. Dr. Maximilian B\u00fchler, Stefan Weiland, Ralf W\u00fcrtz Format: 120 Seiten, DIN A4, SoftcoverISBN: 978-3-947292-17-2Preis (D): 18,40 EURLink zum Online-Shop: https:\/\/www.gotoralf-verlag.shop\/49-soziale-grundsaetze.html Licht SEIN in der Welt \u2013 ein Praxisbuch f\u00fcr&hellip;","_links":{"self":[{"href":"https:\/\/emk-gottesdienst.org\/besondere-zeiten\/wp-json\/wp\/v2\/pages\/2972","targetHints":{"allow":["GET"]}}],"collection":[{"href":"https:\/\/emk-gottesdienst.org\/besondere-zeiten\/wp-json\/wp\/v2\/pages"}],"about":[{"href":"https:\/\/emk-gottesdienst.org\/besondere-zeiten\/wp-json\/wp\/v2\/types\/page"}],"author":[{"embeddable":true,"href":"https:\/\/emk-gottesdienst.org\/besondere-zeiten\/wp-json\/wp\/v2\/users\/1"}],"replies":[{"embeddable":true,"href":"https:\/\/emk-gottesdienst.org\/besondere-zeiten\/wp-json\/wp\/v2\/comments?post=2972"}],"version-history":[{"count":8,"href":"https:\/\/emk-gottesdienst.org\/besondere-zeiten\/wp-json\/wp\/v2\/pages\/2972\/revisions"}],"predecessor-version":[{"id":3590,"href":"https:\/\/emk-gottesdienst.org\/besondere-zeiten\/wp-json\/wp\/v2\/pages\/2972\/revisions\/3590"}],"wp:featuredmedia":[{"embeddable":true,"href":"https:\/\/emk-gottesdienst.org\/besondere-zeiten\/wp-json\/wp\/v2\/media\/2967"}],"wp:attachment":[{"href":"https:\/\/emk-gottesdienst.org\/besondere-zeiten\/wp-json\/wp\/v2\/media?parent=2972"}],"curies":[{"name":"wp","href":"https:\/\/api.w.org\/{rel}","templated":true}]}}